re the prime factors of z?
2, 3, 643
Suppose 5*o - 25 = 0, 40*l - 36*l + o - 5 = 0. Suppose l = r + 3, -5*h + 868 = -5*r + 143. List the prime factors of h.
2, 71
Suppose -2*i - 1178 = -3*p, p + p - 786 = 2*i. Suppose p = -3*t + 2081. List the prime factors of t.
563
Let o(j) = -3*j - 4. Let m be o(-2). Suppose -m*c = -0*c - 8. Suppose -c*h - 22 = -374. What are the prime factors of h?
2, 11
Let u be (57 - 663)*((-1 - -5) + 1). Let z = -2096 - u. What are the prime factors of z?
2, 467
Let k = -141 + 144. Suppose -k*a + 760 = 2*a. List the prime factors of a.
2, 19
Let o(u) = 2*u**3 - 6*u**2 - 3*u + 19. Suppose 3*k + 35 = 8*k. What are the prime factors of o(k)?
2, 3, 5, 13
Let x be 5/((-20)/16) - (-34 + 16). Suppose 18*h + x = 86. What are the prime factors of h?
2
What are the prime factors of (-16739)/(-38) - (-8)/(-16)?
2, 5, 11
Let g = 7328 + -5806. List the prime factors of g.
2, 761
Let j(w) be the second derivative of w**3 + 29*w**2 - w. Let z = -214 - -223. What are the prime factors of j(z)?
2, 7
Let r(n) = -19*n - 60. Let c be r(-14). Let v(k) = -2*k - 9. Let g be v(-6). Suppose 3*d - 186 = -q, -g*d = q - 5*d - c. What are the prime factors of q?
2, 3, 11
List the prime factors of (24/(-48))/((-2)/29804).
7451
Let p(l) = l + 6. Let o be p(-4). Let q be (o + 100/(-8))*(-212)/6. Suppose 5*y + 6*r - 4*r - q = 0, y = 2*r + 67. What are the prime factors of y?
73
Suppose -4*u - 2*v = 90 + 6, 4*u = -v - 94. Let c(r) = 33*r + 12. Let h be c(9). Let n = h + u. List the prime factors of n.
2, 11, 13
Let i(s) = -400*s - 1578. What are the prime factors of i(-22)?
2, 23, 157
Let x = 109584 - 72794. What are the prime factors of x?
2, 5, 13, 283
Let z = -231 - -229. Let n(w) = -11*w**3 + 6*w + 9. What are the prime factors of n(z)?
5, 17
Let j = 194 - 174. Suppose -4*d = -j, 2*b = d - 6*d + 245. What are the prime factors of b?
2, 5, 11
Suppose 36 = 125*y - 116*y. Suppose -y*k - 1635 = -7807. List the prime factors of k.
1543
Suppose 2*a = 4*z - 3*z - 328, 4 = -2*a. Let k be 4*z + 1 - (10 - 9). Suppose 3*p - k = -6*p. List the prime factors of p.
2, 3
Suppose 0 = -2*m + 9*m - 70. Suppose m*x = x + 2889. Suppose x = -4*t + 1341. List the prime factors of t.
3, 5, 17
Let p(t) = -731*t**3 + t**2 - 7*t - 8. What are the prime factors of p(-2)?
2, 29, 101
Suppose o - 5*i - 20364 = 3292, 5*o - i - 118448 = 0. What are the prime factors of o?
3, 53, 149
Let a = 34 - 33. Let r be -1 - a/(1/(-187)). Let g = r - 107. What are the prime factors of g?
79
Suppose 3*h - 5*l = 23014, 9*l + 38344 = 5*h + 7*l. What are the prime factors of h?
2, 3, 71
Let t(y) = 4*y - 25. Let q be t(6). What are the prime factors of (-2994)/(-2) - (-11 + (-10)/q)?
2, 7, 107
Suppose 149963 = -1424*i + 2856*i - 1421*i. List the prime factors of i.
13633
Let a = -9789 + 40410. What are the prime factors of a?
3, 59, 173
Let g(j) be the third derivative of 13*j**5/30 - j**4/24 - 13*j**3/3 - 138*j**2. List the prime factors of g(-6).
2, 229
Let q(u) = -u**2 - 11*u - 11. Let z be q(-5). Suppose z*v - 4481 - 3328 = 0. What are the prime factors of v?
3, 137
Let d(a) = -6*a**2 - 5*a - 10. Let j be d(5). Let r = j - -279. List the prime factors of r.
2, 47
Let q be (-1)/1 - (0 + -4)/1. Suppose b - 93 = -q. What are the prime factors of b?
2, 3, 5
Let b = 535 + -540. Suppose 0 = h + 4*w + 99, -5*h - 3*w - 2*w = 450. Let u = b - h. What are the prime factors of u?
2, 41
Let a = -11 - -122. Suppose -116*b = -a*b - 625. What are the prime factors of b?
5
Let p(c) = 4*c - 30. Let s be p(13). Suppose -s + 1202 = 5*g. List the prime factors of g.
2, 59
Suppose 467858 = -15*q + 57*q - 644050. List the prime factors of q.
2, 7, 31, 61
Let i(g) = -g**3 - 19*g**2 + 5*g + 55. Let v = -258 + 238. What are the prime factors of i(v)?
5, 71
Let v = -4843 + 17526. List the prime factors of v.
11, 1153
Let y = 128 + -216. Let v = y - 99. Let r = 422 + v. List the prime factors of r.
5, 47
Suppose 15*b + 20409 = 4*c + 14*b, 0 = -b - 1. List the prime factors of c.
2, 2551
Suppose 0 = 10*r - 59 + 9. Suppose -35156 = -27*t + r*t. What are the prime factors of t?
2, 17, 47
Suppose 4 = 45*k - 44*k. Suppose k*o + 4 = 6*o, -4*l + 3*o + 338 = 0. Let a = l + -43. What are the prime factors of a?
43
What are the prime factors of 783/(-2088) - (-195035)/8?
24379
Suppose 2*n = -5*s + 254, 4*n - 88 = -2*s + 4. Suppose j + 3*y + 2*y = s, j + 4*y = 48. List the prime factors of j.
2
Let x(s) = s**2 + 8*s - 2. Let p be x(0). Let z(a) = -68*a - 13. List the prime factors of z(p).
3, 41
Let v(q) = 13*q**2 + 6*q + 12. Let j be ((-7)/2)/(2/(-88)*2). Let b be 4/(-6) - j/33. What are the prime factors of v(b)?
3, 37
Let a = -84 - -811. Let t = 1115 - a. List the prime factors of t.
2, 97
Suppose 0*m = -3*m + k, -2 = 4*m - 2*k. Let l(r) = 4 - m + 24 + r - 4. What are the prime factors of l(6)?
29
Suppose 4*i + 5*w - 98 = 0, 2*w + 49 - 9 = 2*i. Suppose -i*k - 20 = -27*k. Suppose k*b + 2*b = 954. List the prime factors of b.
3, 53
Let o(k) = 9*k**2 + 86*k - 1203. What are the prime factors of o(64)?
5, 8233
Suppose 0 = -5*m - 2*r + 16 + 1, -22 = -2*m + 3*r. Suppose -5*c + 3*l + 696 = 0, 0 = -0*l - m*l - 10. List the prime factors of c.
2, 3, 23
Let a(y) = y**3 + 2*y**2 - 34*y + 1. Let v be a(-7). List the prime factors of 4/3*(732/8 + v).
2, 3, 19
Suppose -14 = -14*j - 0*j. Let b(g) = 3*g - 1. Let t be b(j). Suppose -5*s - 585 = -4*c + 111, 5*c - t*s - 887 = 0. List the prime factors of c.
179
Suppose -103*u + 100*u = -59718. What are the prime factors of u?
2, 37, 269
Let o(x) = -11*x - 31. Let h be o(-3). Let k be (9/18)/(h/36). Suppose 3*d = -k*d + 2604. List the prime factors of d.
7, 31
Let t(a) = -10*a - 21. Let o = 438 - 460. List the prime factors of t(o).
199
Let w(v) = 203*v**2 + 335*v + 34. List the prime factors of w(-9).
2, 53, 127
Let b(i) = -23*i - 11*i + 27*i. Suppose 3*k - 9 = 6*k. What are the prime factors of b(k)?
3, 7
Let s(y) = -y**3 - 3*y + 497. Suppose 52*k = 29*k. What are the prime factors of s(k)?
7, 71
Suppose -4*z + 644 = -5*r - 685, z = 5*r + 1341. Let p = r + 493. List the prime factors of p.
2, 7
Let r(h) = -h**3 - 10*h**2 + 12*h + 17. Let a be r(-11). List the prime factors of 163 - (2 + a)/4.
7, 23
Let z = -35 + 60. Let b = -17 + z. Suppose 373 = -b*a + 1125. List the prime factors of a.
2, 47
Suppose -11*o + 11498 - 1114 = 0. Suppose -3*k + 4*m = -3801, -2*k + o + 1590 = 3*m. What are the prime factors of k?
7, 181
Suppose -4*w = -8086 - 3874. Suppose -9*d = 4*d - w. List the prime factors of d.
2, 5, 23
Let s(m) = 108*m. Let q be s(3). Suppose 3*k + c = 469, c = -5*k + 151 + 628. Let r = q - k. List the prime factors of r.
13
Let g(r) = 6*r**2 + 93*r - 20. Suppose 0 = -f - 5, 147 = 6*u - 12*u - 3*f. List the prime factors of g(u).
2, 419
Let m(o) = 25*o**2 + 22*o**2 - 1 - 4220*o + 4218*o. Suppose 12 = 4*i - 3*k - k, 2*i = k + 2. What are the prime factors of m(i)?
2, 3
Suppose 4*v = -m + 24, -3*v + 6 = -0*v. Suppose -m*h + 6071 = -3*h. What are the prime factors of h?
467
Suppose 0 = 3*t - 12, -3*r = -5*t - 30904 - 103695. List the prime factors of r.
23, 1951
What are the prime factors of (1270/(-60) - -21) + (-366115)/(-6)?
7, 23, 379
Let a(k) be the third derivative of k**5/60 - 5*k**4/24 - 229*k**3/6 + 177*k**2. List the prime factors of a(33).
5, 139
Let t = 228 - 224. Suppose 5*c - 1065 = -x, -4*x = -t*c - 0*x + 852. List the prime factors of c.
3, 71
Let t be (6/(-9))/((-4)/48*-2). List the prime factors of (-46)/(t/5*2/4).
5, 23
Suppose -3*p + 15 = 537*r - 540*r, -17 = -5*r - p. Let k = -2 - -7. Suppose -4*s - 262 = -r*t - 7*s, 0 = -k*t - 4*s + 669. List the prime factors of t.
137
Let f be 1/21*6 - (-234)/14. Let p = -17 + f. Suppose p = -6*h + 3*h + 513. What are the prime factors of h?
3, 19
List the prime factors of (17 - (-280)/(-16))*0 + 84795/1.
3, 5, 5653
Let v = -67291 - -98646. What are the prime factors of v?
5, 6271
Suppose -3*o + 13*d - 16*d + 35040 = 0, 70086 = 6*o + 4*d. What are the prime factors of o?
7, 1669
Let p = 4419 + -3534. List the prime factors of p.
3, 5, 59
Let p(c) be the second derivative of -c**5/20 + 5*c**4/6 - 4*c**3/3 + 7*c**2/2 + 10*c. Let k be p(8). Suppose 3*i = 52 + k. List the prime factors of i.
41
Suppose -4*a + 4 = 0, -8 = 3*n + 21*a - 23*